(h) = 7*h**2 - 7*h + 6. Let c(y) = x*k(y) + 7*r(y). Is c(2) prime?
False
Let b be 2 - (0 - (-2 - 1086)). Let u be ((-4)/6)/(4/b). Let i = u - 104. Is i a prime number?
False
Let k be (1 + 0)*631 + -51 + 48. Let g = 1301 - k. Is g a prime number?
True
Suppose -41845 + 2142 = -f. Is f a composite number?
False
Suppose -2*y = 4*d - 1718, y + 1740 = 4*d + 13. Let v(u) = -8*u**2 + 10*u - 22. Let h be v(5). Let a = h + d. Is a prime?
False
Suppose 5*j - 5*s = 8805, 0*s - 15 = -5*s. Suppose -6*z + 2958 = -j. Is z a prime number?
True
Let f(x) = 7193*x**2 - 40*x - 119. Is f(-3) prime?
False
Let m(a) = 72*a**2 - 12*a + 23. Is m(3) prime?
False
Suppose 0 = -4*y, 6*y + 28466 = 2*h + 9*y. Is h prime?
False
Suppose 0 = 2*u + 3*d - 21362, -2*d - 21382 = 22*u - 24*u. Is u composite?
False
Is 18/(-261) + 982783/29 a prime number?
True
Let s(z) = -126*z**2 + z - 2. Let n be s(2). Let f = n - -876. Suppose -1870 = -5*c + 3*w, -w = c - 2*w - f. Is c prime?
False
Let o(d) be the first derivative of 307*d**2/2 + 11*d - 21. Is o(8) a composite number?
False
Let k = 236333 - 132754. Is k prime?
False
Suppose 2 = -2*q + 3*q. Let a(j) = j**3 - j**2 + 2*j - 3. Let m be a(q). Let c(x) = 2*x**3 - 5*x - 2. Is c(m) composite?
False
Let j be 7 + (1 - -1 - 3). Let a be 4095/6 - j/(-4). Is (-1)/2 + a/8 prime?
False
Let j(r) = r - 1. Let n be j(-1). Is 47008/48 + n/6 prime?
False
Let g = 6720 - 4658. Is g a prime number?
False
Let g(q) = 2024*q + 1. Is g(2) a composite number?
False
Let z(d) = 1424*d + 275. Is z(4) composite?
True
Suppose -24*k + 25*k = 794. Is k composite?
True
Let t(u) = -1173*u + 955. Is t(-14) composite?
False
Let m = -375 + 672. Let o = 604 - m. Is o composite?
False
Let k(u) = -4013*u + 5. Is k(-4) composite?
False
Is (1/2)/((-17)/(-204170)) a prime number?
False
Suppose 4*n + 3*w - 3 = 0, -n + 5*w = w - 15. Suppose -3*i + 15 = 0, -n*z + 3*i + 85 = -i. Is z composite?
True
Suppose 20079 = t + 2*x, 0 = -3*t - 18*x + 21*x + 60228. Is t composite?
True
Suppose 0 = -4*x - o + 2*o + 46152, -2*x + 23070 = -2*o. Is x a prime number?
False
Let s = 46 - 20. Let n = 81 - s. Suppose 0 = -0*k + 5*k - n. Is k a composite number?
False
Let x(t) = -t**3 - 12*t**2 + 15*t + 22. Let v be x(-11). Let g = v + 515. Is g composite?
False
Let c = -26 + 39. Is (80 - c)*(-1)/(1/(-5)) a composite number?
True
Suppose -m - 11818 = 3*q - 32604, 2*m = 3*q + 41581. Is m composite?
False
Let a(o) = -o**3 + 27*o**2 - 25*o - 58. Let l be a(26). Is 12*(-4)/l*586 prime?
False
Suppose -8*l + 5*l = 0. Suppose k + 1 = l, -62 = -4*v + 3*v - k. Is (-4)/(-14) + 64683/v a composite number?
True
Suppose u = 2*u + 109. Suppose -5*y = -0*y + 270. Let c = y - u. Is c prime?
False
Let o be 1/(7/(-6))*(-2 + -5). Suppose -1887 - 807 = -o*i. Is i prime?
True
Let m(n) = 8*n**2 - 34*n - 689. Is m(-56) prime?
False
Let r(a) = 1288*a**2 - a - 3. Is r(2) composite?
False
Suppose 5*t + 122 = 8*h - 4*h, h - 32 = 2*t. Let j = h - 26. Suppose -j*c - f + 834 = -0*c, 0 = c + 2*f - 411. Is c composite?
False
Suppose 5*u - u = 0. Suppose u = 6*m - 7*m + 2. Suppose p = m*f - 374, p = -4*f + 2*p + 744. Is f a prime number?
False
Let j(i) be the third derivative of i**5/15 - i**4/4 + 5*i**3/6 + 5*i**2. Let s(n) = n**2 + n - 1. Let m(k) = j(k) + 4*s(k). Is m(-2) a composite number?
False
Suppose j + 5701 = r - j, 5691 = r - 4*j. Is r composite?
False
Suppose 6*s - 533 = 325. Let o = s + 749. Is o - (-4)/(-8)*6 prime?
False
Let o(b) = 1. Let p(n) = 73*n + 16. Let z(s) = -5*o(s) - p(s). Is z(-10) prime?
True
Let m(a) = a**3 + 15*a**2 - 8*a + 4. Let h = -42 + 29. Is m(h) prime?
False
Let l(z) = -4*z - 2*z + z**2 - 9*z + 2*z + 17. Let s be l(12). Suppose -s*g + 192 + 293 = 0. Is g a prime number?
True
Suppose 4899235 - 936948 = 7*l. Is l prime?
False
Suppose -6*w = h - 228538, 5*h = -3*w + 22429 + 91858. Is w composite?
True
Suppose l + 12 = 4*l. Let n(d) = -5*d**3 + d**2 + 6*d - 9. Let b(p) = 14*p**3 - 4*p**2 - 17*p + 26. Let f(u) = -4*b(u) - 11*n(u). Is f(l) composite?
False
Suppose -24*v + 285384 = -593184. Is v a prime number?
True
Let r = 16045 + -4088. Suppose -3*i - 8*i = -r. Is i prime?
True
Suppose -o + 3*g = 3, 3*g = 7*g - 4. Suppose -3*f - 5*y + 2012 = o, -5*f = -0*f + 5*y - 3360. Is f a prime number?
False
Suppose -3*d - 6 = 0, 3*r + 272 = 2*r - 3*d. Let x = -147 - r. Is x a prime number?
False
Let g(n) = 41*n**2 + 4*n + 2. Let c(u) = 4*u**3 + 2*u**2 - 1. Let d be c(1). Suppose 0 = -d*a - 21 + 6. Is g(a) composite?
False
Let b = 9 - -1. Suppose -10 = 2*u, -5*h - 2*u + b + 20 = 0. Suppose -10*t + h*t = -1642. Is t prime?
True
Let q = 12 + -15. Let i be -9*(11/q + 4). Is i/2 - 14/(-4) a composite number?
False
Let c = 14 + -12. Suppose -c*q = 4*o - 4966, 0 = -2*q + 3*q - 4*o - 2489. Is (q/(-15))/(1/(-3)) composite?
True
Let k(m) = 253*m - 15. Let a be k(3). Let q = a - -1355. Is q a composite number?
False
Let p = -13 + -2. Is p/(-105) - 3933/(-7) prime?
False
Suppose -5*m - 207 = -3*p, 331 = 3*p - 4*m + 121. Let y(o) = o**3 + 17*o**2 - o - 14. Let j be y(-17). Suppose j*a = a + p. Is a prime?
True
Suppose 0 = 11*z - 24014 - 262679. Is z a composite number?
True
Let w(j) = 2121*j**2 + 4*j. Is w(-1) composite?
True
Let t = 1982 - -1079. Is t a prime number?
True
Let t(n) = -3*n**3 + 2*n**2 + 20. Suppose 39 = -12*a - 21. Is t(a) composite?
True
Let r(m) = -23*m + 3. Let n = -5 - -14. Let v be 4/(-3)*54/n. Is r(v) a prime number?
False
Let q = -2834 - -4813. Suppose c + 3*c = -5*i + q, -3*c = i - 398. Is i prime?
False
Suppose -67 - 105 = t. Let n = 563 + t. Is n composite?
True
Let f(z) = 8*z + 20. Let q be f(-10). Is (614/(-6) - -3)*q/8 prime?
False
Let g = 1 + 4. Suppose -11*l = -10*l - g. Suppose -l*n + 3755 = -o, -3*n + 4*o + o = -2253. Is n a prime number?
True
Suppose 0 = -2*a - 2*a - 4*u + 8, -5*a = u + 6. Let s be -1 + (-2 - a) + -2. Is (-2 + s)/(1/(-5)) prime?
False
Let n(o) = o**2 - 7. Let g be n(-3). Suppose 0*d + 6 = g*d. Is d*14/(2 - 0) prime?
False
Let d(f) = 40*f**2 + 48*f + 161. Is d(36) prime?
False
Suppose 0 = -5*u - 2*w + 41541, -5*u - w = -u - 33234. Is u a prime number?
False
Suppose -5*l = 353 + 67. Is (-11)/((-66)/l)*(-22)/4 a composite number?
True
Suppose 6*y - y = -d + 31, -4*d - y = -29. Let i be 2/(2 - 8/d). Suppose 3*u + i*j - 1200 = 0, 2*j + 1976 = 5*u - j. Is u prime?
True
Let d = 1435 + 46414. Is d composite?
True
Suppose -4*y - 16 = 0, -3*u = -0*y + 2*y + 1157. Let b = -261 - u. Let t = b - -5. Is t a composite number?
False
Suppose -5*h - 1587 = -10022. Is h a composite number?
True
Let a = -304 + 626. Suppose 0 = 9*n + a - 3544. Is n a prime number?
False
Let m(d) = -2 - 10*d + 5 + d - d. Let q(x) = -x**2 - 3*x - 1. Let n be q(-4). Is m(n) composite?
False
Let s(t) = t**3 + 59*t**2 + 111*t - 107. Let h be s(-57). Let c(v) = v**3 - v**2 - v + 1. Let r be c(2). Suppose -2*f = -b + h + 361, -9 = r*f. Is b composite?
False
Suppose -4*n = -12, -o + 49*n - 52*n + 418 = 0. Is o a prime number?
True
Suppose -2*n + 1 = 3*t - 10, 5*t + n - 23 = 0. Suppose -2 + 6 = -3*d - 2*r, 0 = t*d + 5*r. Is (-22)/d*4 - 0 composite?
True
Let q = -13 - -13. Suppose -3*t = -4*g - 621, q = -5*t + 2*g + g + 1046. Is t composite?
False
Suppose -4*m - c = -5*c - 40, -5*m + 2*c + 35 = 0. Suppose -7*u + 2*u + 2 = -3*b, m*u - 5*b = 0. Let l(s) = 96*s - 1. Is l(u) a prime number?
False
Let t = -159 + 306. Suppose -7*b + 2*b + 1652 = 4*c, -2*c = 4. Let k = b - t. Is k prime?
False
Is 12/4 - (-7 - 30759) composite?
True
Is (79/(-5))/(((-5)/25)/1) prime?
True
Let j(c) = c**2 - 13*c + 22. Suppose -5*b + 26 = o, 6 = 5*o + 4*b - 61. Let x be j(o). Suppose x = 2*h + 5*t - 523, -t - 149 = 4*h - 1222. Is h a prime number?
True
Let z(r) = r**2 + 5*r - 9. Let v be (-3)/1*(6 - 4). Let j be z(v). Is ((-38)/6)/(j/9) a composite number?
False
Let m(i) = 14*i**2 + 2*i + 7. Let h(d) be the first derivative of 4*d**3/3 + d**2/2 + d + 6. Let x be h(-1). Is m(x) a composite number?
False
Suppose -5*m + 20 = -5*u, -3*u + 29 = 5*m + u. Suppose -m*b = -4*p + 596, -4*b - 149 = -p - 9*b. Is p a prime number?
True
Let q = -89 + 1091. Let o = 96 - -164. Suppose -2*z + q = -o. Is z a prime number?
True
Let p be (-8)/(-52) + 185/65. Suppose 0 = 2*i + 6, -p*i - 8221 = -3*z - z. Is z composite?
False
Let n be -38 - (1/1 + 0). Suppose 398 = -